{"id":500,"date":"2024-03-18T13:05:19","date_gmt":"2024-03-18T12:05:19","guid":{"rendered":"https:\/\/www.lamalvabcn.com\/politica-de-privadesa\/"},"modified":"2024-12-09T08:49:29","modified_gmt":"2024-12-09T07:49:29","slug":"politica-de-privadesa","status":"publish","type":"page","link":"https:\/\/www.lamalvabcn.com\/ca\/politica-de-privadesa\/","title":{"rendered":"Pol\u00edtica de Privadesa"},"content":{"rendered":"\n<p>LANDVERA SL com a propietari i titular de la marca Lamalva i domini lamalvabcn.com, \u00e9s el titular i responsable del tractament de les dades personals dels seus Usuaris. Per a l&#8217;acc\u00e9s, la navegaci\u00f3 i la contractaci\u00f3 \u00e9s necess\u00e0ria la lectura i l&#8217;acceptaci\u00f3 d&#8217;aquesta Pol\u00edtica de privadesa.<\/p>\n\n<p><strong>DADES PERSONALS, FINALITATS DEL TRACTAMENT I BASE LEGAL<\/strong><\/p>\n\n<p>Per accedir a la web lamalvabcn.com (d&#8217;ara endavant, \u201cLloc web\u201d), l&#8217;Usuari ha d&#8217;aportar les seves dades de localitzaci\u00f3 i acceptar la pol\u00edtica de cookies, sense les quals no \u00e9s possible accedir a totes les seves funcionalitats. Usuari accepta que aquestes dades siguin tractades per Lamalva per a:<\/p>\n\n<ol class=\"wp-block-list\">\n<li>Millorar i agilitzar el servei prestat per Lamalva via Lloc Web sobre la base de l&#8217;inter\u00e8s leg\u00edtim d&#8217;incrementar l&#8217;efici\u00e8ncia del negoci i oferir millors serveis a clients i usuaris.  <\/li>\n\n\n\n<li>Enviar promocions, descomptes o ofertes dels productes de Lamalva, sempre que l&#8217;Usuari hagi prestat el seu consentiment de forma expressa, segons el consentiment de l&#8217;Usuari per rebre comunicacions comercials.<\/li>\n\n\n\n<li>Atenci\u00f3 de queixes, reclamacions o suggeriments tramesos a Lamalva, segons l&#8217;obligaci\u00f3 legal en mat\u00e8ria de consum i l&#8217;inter\u00e8s leg\u00edtim del responsable.<\/li>\n\n\n\n<li>Enviament d&#8217;enquestes de satisfacci\u00f3 sobre la base de l&#8217;inter\u00e8s leg\u00edtim de motivar els empleats per establir incentius a la feina.<\/li>\n<\/ol>\n\n<p><strong>DESTINATARIS I TRANSFER\u00c8NCIES DE DADES<\/strong><\/p>\n\n<p>Lamalva informa als seus Usuaris que, en base al seu inter\u00e8s leg\u00edtim, pot posar a disposici\u00f3 les seves dades a prestadors de serveis IT, com ara servidors de hosting, correu electr\u00f2nic o gestories externes per a la gesti\u00f3 de facturaci\u00f3 o altres empreses del grup, a la mesura que restaurant Lamalva \u00e9s gestionat per diferents mercantils l&#8217;acc\u00e9s a les dades o, si escau, cessi\u00f3 de dades, \u00e9s necess\u00e0ria per a l&#8217;adequada prestaci\u00f3 del servei. Tot aix\u00f2 sense perjudici de la comunicaci\u00f3 de dades que vinguin legalment obligades.<\/p>\n\n<p>Entre les anteriors, actualment Lamalva comunica les dades dels Usuaris a:<\/p>\n\n<ul class=\"wp-block-list\">\n<li>MGT DESIGN LTD., per al hosting de la web, els servidors dels quals es troben allotjats als EUA, fet que suposa una transfer\u00e8ncia internacional de dades a la qual s&#8217;apliquen les mesures de seguretat necess\u00e0ries atenent les caracter\u00edstiques del tractament realitzat. M\u00e9s informaci\u00f3 a <a href=\"http:\/\/www.mgtdesign.co.uk\/privacy-policy\/\">http:\/\/www.mgtdesign.co.uk\/privacy-policy\/<\/a> .<\/li>\n<\/ul>\n\n<p>Lamalva es reserva el dret, en base al seu inter\u00e8s leg\u00edtim, de canviar, eliminar o afegir prove\u00efdors de serveis podent estar localitzats dins o fora de l&#8217;Espai Econ\u00f2mic Europeu, cas en qu\u00e8, Lamalva aplicar\u00e0 les mesures necess\u00e0ries per garantir la seguretat del tractament aplicant cl\u00e0usules model aprovades per la Comissi\u00f3 Europea o qualssevol altres mesures apropiades en relaci\u00f3 amb el tipus de tractament realitzat als efectes que aquests prove\u00efdors ofereixin garanties adequades segons la legislaci\u00f3 vigent.<\/p>\n\n<p><strong>EXERCICI DE DRETS<\/strong><\/p>\n\n<p>Dins dels l\u00edmits legals, els Usuaris poden exercir els seus drets d&#8217;acc\u00e9s, rectificaci\u00f3, supressi\u00f3, oposici\u00f3, limitaci\u00f3 del tractament i portabilitat de dades, aix\u00ed com si no s\u00f3n objecte de decisions automatitzades, inclosa l&#8217;elaboraci\u00f3 de perfils, contactant amb Lamalva a trav\u00e9s dels mitjans de contacte detallats. A aquests efectes, els usuaris poden posar-se en contacte amb Lamalva per tal de poder canalitzar els drets esmentats.<\/p>\n\n<p>En la mesura que el tractament es base en el consentiment prestat per l&#8217;usuari, aquest podr\u00e0 retirar-lo en qualsevol moment, sense que aix\u00f2 perjudiqui la legitimitat del tractament realitzat pr\u00e8viament a aquesta retirada.<\/p>\n\n<p>A m\u00e9s, l&#8217;Usuari t\u00e9 dret a presentar una reclamaci\u00f3 davant d&#8217;una autoritat de control, entre les quals hi ha l&#8217;Ag\u00e8ncia Espanyola de Protecci\u00f3 de Dades (AEPD).<\/p>\n","protected":false},"excerpt":{"rendered":"<p>LANDVERA SL com a propietari i titular de la marca Lamalva i domini lamalvabcn.com, \u00e9s el titular i responsable del tractament de les dades personals dels seus Usuaris. Per a l&#8217;acc\u00e9s, la navegaci\u00f3 i la contractaci\u00f3 \u00e9s necess\u00e0ria la lectura i l&#8217;acceptaci\u00f3 d&#8217;aquesta Pol\u00edtica de privadesa. DADES PERSONALS, FINALITATS DEL TRACTAMENT I BASE LEGAL Per [&hellip;]<\/p>\n","protected":false},"author":1,"featured_media":0,"parent":0,"menu_order":0,"comment_status":"closed","ping_status":"closed","template":"","meta":{"_acf_changed":false,"_seopress_robots_primary_cat":"","_seopress_titles_title":"","_seopress_titles_desc":"","_seopress_robots_index":"","content-type":"","footnotes":""},"class_list":["post-500","page","type-page","status-publish","hentry"],"acf":[],"_links":{"self":[{"href":"https:\/\/www.lamalvabcn.com\/ca\/wp-json\/wp\/v2\/pages\/500","targetHints":{"allow":["GET"]}}],"collection":[{"href":"https:\/\/www.lamalvabcn.com\/ca\/wp-json\/wp\/v2\/pages"}],"about":[{"href":"https:\/\/www.lamalvabcn.com\/ca\/wp-json\/wp\/v2\/types\/page"}],"author":[{"embeddable":true,"href":"https:\/\/www.lamalvabcn.com\/ca\/wp-json\/wp\/v2\/users\/1"}],"replies":[{"embeddable":true,"href":"https:\/\/www.lamalvabcn.com\/ca\/wp-json\/wp\/v2\/comments?post=500"}],"version-history":[{"count":1,"href":"https:\/\/www.lamalvabcn.com\/ca\/wp-json\/wp\/v2\/pages\/500\/revisions"}],"predecessor-version":[{"id":501,"href":"https:\/\/www.lamalvabcn.com\/ca\/wp-json\/wp\/v2\/pages\/500\/revisions\/501"}],"wp:attachment":[{"href":"https:\/\/www.lamalvabcn.com\/ca\/wp-json\/wp\/v2\/media?parent=500"}],"curies":[{"name":"wp","href":"https:\/\/api.w.org\/{rel}","templated":true}]}}

Política de Privadesa

<p>LANDVERA SL com a propietari i titular de la marca Lamalva i domini lamalvabcn.com, és el titular i responsable del tractament de les dades personals dels seus Usuaris. Per a l&#8217;accés, la navegació i la contractació és necessària la lectura i l&#8217;acceptació d&#8217;aquesta Política de privadesa.</p>

<p><strong>DADES PERSONALS, FINALITATS DEL TRACTAMENT I BASE LEGAL</strong></p>

<p>Per accedir a la web lamalvabcn.com (d&#8217;ara endavant, “Lloc web”), l&#8217;Usuari ha d&#8217;aportar les seves dades de localització i acceptar la política de cookies, sense les quals no és possible accedir a totes les seves funcionalitats. Usuari accepta que aquestes dades siguin tractades per Lamalva per a:</p>

<ol class="wp-block-list">
<li>Millorar i agilitzar el servei prestat per Lamalva via Lloc Web sobre la base de l&#8217;interès legítim d&#8217;incrementar l&#8217;eficiència del negoci i oferir millors serveis a clients i usuaris.  </li>



<li>Enviar promocions, descomptes o ofertes dels productes de Lamalva, sempre que l&#8217;Usuari hagi prestat el seu consentiment de forma expressa, segons el consentiment de l&#8217;Usuari per rebre comunicacions comercials.</li>



<li>Atenció de queixes, reclamacions o suggeriments tramesos a Lamalva, segons l&#8217;obligació legal en matèria de consum i l&#8217;interès legítim del responsable.</li>



<li>Enviament d&#8217;enquestes de satisfacció sobre la base de l&#8217;interès legítim de motivar els empleats per establir incentius a la feina.</li>
</ol>

<p><strong>DESTINATARIS I TRANSFERÈNCIES DE DADES</strong></p>

<p>Lamalva informa als seus Usuaris que, en base al seu interès legítim, pot posar a disposició les seves dades a prestadors de serveis IT, com ara servidors de hosting, correu electrònic o gestories externes per a la gestió de facturació o altres empreses del grup, a la mesura que restaurant Lamalva és gestionat per diferents mercantils l&#8217;accés a les dades o, si escau, cessió de dades, és necessària per a l&#8217;adequada prestació del servei. Tot això sense perjudici de la comunicació de dades que vinguin legalment obligades.</p>

<p>Entre les anteriors, actualment Lamalva comunica les dades dels Usuaris a:</p>

<ul class="wp-block-list">
<li>MGT DESIGN LTD., per al hosting de la web, els servidors dels quals es troben allotjats als EUA, fet que suposa una transferència internacional de dades a la qual s&#8217;apliquen les mesures de seguretat necessàries atenent les característiques del tractament realitzat. Més informació a <a href="http://www.mgtdesign.co.uk/privacy-policy/">http://www.mgtdesign.co.uk/privacy-policy/</a> .</li>
</ul>

<p>Lamalva es reserva el dret, en base al seu interès legítim, de canviar, eliminar o afegir proveïdors de serveis podent estar localitzats dins o fora de l&#8217;Espai Econòmic Europeu, cas en què, Lamalva aplicarà les mesures necessàries per garantir la seguretat del tractament aplicant clàusules model aprovades per la Comissió Europea o qualssevol altres mesures apropiades en relació amb el tipus de tractament realitzat als efectes que aquests proveïdors ofereixin garanties adequades segons la legislació vigent.</p>

<p><strong>EXERCICI DE DRETS</strong></p>

<p>Dins dels límits legals, els Usuaris poden exercir els seus drets d&#8217;accés, rectificació, supressió, oposició, limitació del tractament i portabilitat de dades, així com si no són objecte de decisions automatitzades, inclosa l&#8217;elaboració de perfils, contactant amb Lamalva a través dels mitjans de contacte detallats. A aquests efectes, els usuaris poden posar-se en contacte amb Lamalva per tal de poder canalitzar els drets esmentats.</p>

<p>En la mesura que el tractament es base en el consentiment prestat per l&#8217;usuari, aquest podrà retirar-lo en qualsevol moment, sense que això perjudiqui la legitimitat del tractament realitzat prèviament a aquesta retirada.</p>

<p>A més, l&#8217;Usuari té dret a presentar una reclamació davant d&#8217;una autoritat de control, entre les quals hi ha l&#8217;Agència Espanyola de Protecció de Dades (AEPD).</p>

<p>LANDVERA SL com a propietari i titular de la marca Lamalva i domini lamalvabcn.com, és el titular i responsable del tractament de les dades personals dels seus Usuaris. Per a l&#8217;accés, la navegació i la contractació és necessària la lectura i l&#8217;acceptació d&#8217;aquesta Política de privadesa. DADES PERSONALS, FINALITATS DEL TRACTAMENT I BASE LEGAL Per [&hellip;]</p>
